{"id":1613,"date":"2025-11-21T12:01:22","date_gmt":"2025-11-21T15:01:22","guid":{"rendered":"https:\/\/flowers.com.br\/?page_id=1613"},"modified":"2025-11-21T12:01:22","modified_gmt":"2025-11-21T15:01:22","slug":"gestao-de-riscos-imobiliarios","status":"publish","type":"page","link":"https:\/\/flowers.com.br\/index.php\/gestao-de-riscos-imobiliarios\/","title":{"rendered":"Gest\u00e3o de Riscos Imobili\u00e1rios"},"content":{"rendered":"\n<p>\u2022 Due Diligence documental (licen\u00e7as, propriedade, contratos\u2026)<br>\u2022 Due Diligence atrav\u00e9s de vistorias<br>\u2022 Estabelecimento de pol\u00edticas<br>\u2022 Estrat\u00e9gia de mitiga\u00e7\u00e3o de riscos imobili\u00e1rios<br>\u2022 Plataforma de controle de obriga\u00e7\u00f5es com informa\u00e7\u00e3o disponibilizada em tempo real.<\/p>\n","protected":false},"excerpt":{"rendered":"<p>\u2022 Due Diligence documental (licen\u00e7as, propriedade, contratos\u2026)\u2022 Due Diligence atrav\u00e9s de vistorias\u2022 Estabelecimento de pol\u00edticas\u2022 Estrat\u00e9gia de mitiga\u00e7\u00e3o de riscos imobili\u00e1rios\u2022 Plataforma de controle de obriga\u00e7\u00f5es com informa\u00e7\u00e3o disponibilizada em tempo real.<\/p>\n","protected":false},"author":1,"featured_media":1614,"parent":0,"menu_order":0,"comment_status":"closed","ping_status":"closed","template":"","meta":{"footnotes":""},"servicos":[],"class_list":["post-1613","page","type-page","status-publish","has-post-thumbnail","hentry"],"_links":{"self":[{"href":"https:\/\/flowers.com.br\/index.php\/wp-json\/wp\/v2\/pages\/1613","targetHints":{"allow":["GET"]}}],"collection":[{"href":"https:\/\/flowers.com.br\/index.php\/wp-json\/wp\/v2\/pages"}],"about":[{"href":"https:\/\/flowers.com.br\/index.php\/wp-json\/wp\/v2\/types\/page"}],"author":[{"embeddable":true,"href":"https:\/\/flowers.com.br\/index.php\/wp-json\/wp\/v2\/users\/1"}],"replies":[{"embeddable":true,"href":"https:\/\/flowers.com.br\/index.php\/wp-json\/wp\/v2\/comments?post=1613"}],"version-history":[{"count":1,"href":"https:\/\/flowers.com.br\/index.php\/wp-json\/wp\/v2\/pages\/1613\/revisions"}],"predecessor-version":[{"id":1615,"href":"https:\/\/flowers.com.br\/index.php\/wp-json\/wp\/v2\/pages\/1613\/revisions\/1615"}],"wp:featuredmedia":[{"embeddable":true,"href":"https:\/\/flowers.com.br\/index.php\/wp-json\/wp\/v2\/media\/1614"}],"wp:attachment":[{"href":"https:\/\/flowers.com.br\/index.php\/wp-json\/wp\/v2\/media?parent=1613"}],"wp:term":[{"taxonomy":"servicos","embeddable":true,"href":"https:\/\/flowers.com.br\/index.php\/wp-json\/wp\/v2\/servicos?post=1613"}],"curies":[{"name":"wp","href":"https:\/\/api.w.org\/{rel}","templated":true}]}}