{"id":1598,"date":"2025-11-21T11:54:15","date_gmt":"2025-11-21T14:54:15","guid":{"rendered":"https:\/\/flowers.com.br\/?page_id=1598"},"modified":"2025-11-21T12:35:23","modified_gmt":"2025-11-21T15:35:23","slug":"projetos-executivos-e-aprovativos","status":"publish","type":"page","link":"https:\/\/flowers.com.br\/index.php\/projetos-executivos-e-aprovativos\/","title":{"rendered":"Projetos executivos e aprovativos"},"content":{"rendered":"\n<p>Elabora\u00e7\u00e3o de levantamentos cadastrais e projetos de todas as disciplinas para aprova\u00e7\u00e3o nos \u00f3rg\u00e3os competentes:<\/p>\n\n\n\n<p>\u2022 Arquitet\u00f4nico<br>\u2022 PPCI (Bombeiros)<br>\u2022 LTA (Visa)<br>\u2022 SPDA (Para Raios)<br>\u2022 El\u00e9trico<br>\u2022 Hidrossanit\u00e1rio\u2026<\/p>\n","protected":false},"excerpt":{"rendered":"<p>Elabora\u00e7\u00e3o de levantamentos cadastrais e projetos de todas as disciplinas para aprova\u00e7\u00e3o nos \u00f3rg\u00e3os competentes: \u2022 Arquitet\u00f4nico\u2022 PPCI (Bombeiros)\u2022 LTA (Visa)\u2022 SPDA (Para Raios)\u2022 El\u00e9trico\u2022 Hidrossanit\u00e1rio\u2026<\/p>\n","protected":false},"author":1,"featured_media":1599,"parent":0,"menu_order":0,"comment_status":"closed","ping_status":"closed","template":"","meta":{"footnotes":""},"servicos":[],"class_list":["post-1598","page","type-page","status-publish","has-post-thumbnail","hentry"],"_links":{"self":[{"href":"https:\/\/flowers.com.br\/index.php\/wp-json\/wp\/v2\/pages\/1598","targetHints":{"allow":["GET"]}}],"collection":[{"href":"https:\/\/flowers.com.br\/index.php\/wp-json\/wp\/v2\/pages"}],"about":[{"href":"https:\/\/flowers.com.br\/index.php\/wp-json\/wp\/v2\/types\/page"}],"author":[{"embeddable":true,"href":"https:\/\/flowers.com.br\/index.php\/wp-json\/wp\/v2\/users\/1"}],"replies":[{"embeddable":true,"href":"https:\/\/flowers.com.br\/index.php\/wp-json\/wp\/v2\/comments?post=1598"}],"version-history":[{"count":2,"href":"https:\/\/flowers.com.br\/index.php\/wp-json\/wp\/v2\/pages\/1598\/revisions"}],"predecessor-version":[{"id":1623,"href":"https:\/\/flowers.com.br\/index.php\/wp-json\/wp\/v2\/pages\/1598\/revisions\/1623"}],"wp:featuredmedia":[{"embeddable":true,"href":"https:\/\/flowers.com.br\/index.php\/wp-json\/wp\/v2\/media\/1599"}],"wp:attachment":[{"href":"https:\/\/flowers.com.br\/index.php\/wp-json\/wp\/v2\/media?parent=1598"}],"wp:term":[{"taxonomy":"servicos","embeddable":true,"href":"https:\/\/flowers.com.br\/index.php\/wp-json\/wp\/v2\/servicos?post=1598"}],"curies":[{"name":"wp","href":"https:\/\/api.w.org\/{rel}","templated":true}]}}